 202*u - 664. Determine s(16).
8
Let h(j) = -j**2 - 73*j + 10923. Give h(74).
45
Let l(b) = -2*b**3 - 124*b**2 - 1013*b + 1223. What is l(-11)?
24
Let j(w) = 4*w**2 + 1384*w - 9688. Determine j(7).
196
Let z(i) = -678910*i - 24440754. Give z(-36).
6
Let n(z) = -8*z**3 + 4*z**2 + 8*z - 2162. Determine n(0).
-2162
Let q(a) = -28*a**2 - 2404*a - 112. Give q(-86).
-456
Let o(t) = 13*t**2 - 822*t + 3139. Give o(59).
-106
Let o(m) = 29*m**2 - 1316*m + 175. Determine o(45).
-320
Let g(h) = 9*h**3 + 40*h**2 - 6604*h - 26480. What is g(-4)?
0
Let r(i) = -2*i**3 + 157*i**2 - 83*i + 359. Calculate r(78).
-31
Let x(t) = -2*t**3 - 77*t**2 + 96*t + 462. Give x(3).
3
Let q(c) = -4447*c - 80430. Determine q(-18).
-384
Let t(q) = -759*q + 155557. What is t(205)?
-38
Let f(j) = -j**2 + 20277*j + 121651. Determine f(-6).
-47
Let r(i) = -140*i**3 - i**2 - 9*i + 6. Calculate r(2).
-1136
Let m(n) = 3856*n + 30586. Calculate m(-8).
-262
Let y(q) = 2*q**2 - 8989*q - 592733. Give y(-65).
2
Let q(g) = -3*g**3 + 2111*g**2 - 34351*g + 671. Determine q(687).
-16
Let m(p) = p**2 - 5073*p + 35541. What is m(7)?
79
Let r(t) = 8*t**2 + 1702*t - 8709. Give r(5).
1
Let n(g) = -14722*g - 117417. Give n(-8).
359
Let q(y) = -y**3 - 121*y**2 - 64*y - 7719. Calculate q(-121).
25
Let q(g) = -7*g**2 - 240*g - 87. Calculate q(-34).
-19
Let p(l) = l**2 - 4733*l + 75398. Calculate p(16).
-74
Let o(v) = 4*v**2 + 11139*v - 33434. Determine o(3).
19
Let v(y) = -134*y + 1933. Give v(16).
-211
Let j(q) = -q**3 - 111*q**2 - 723*q + 545. Determine j(-104).
25
Let x(u) = -17*u**2 - 122*u - 1034. What is x(-14)?
-2658
Let y(v) = 4*v**3 + 155*v**2 - 1819*v + 2581. Give y(8).
-3
Let a(h) = 2*h**2 - 96*h - 2769. What is a(68)?
-49
Let j(h) = 13278*h - 119513. What is j(9)?
-11
Let y(h) = -h**3 - 533*h**2 + 3236*h + 1128. Calculate y(-539).
50
Let y(c) = -31*c**2 + 12077*c - 7198. Calculate y(389).
-196
Let i(l) = -l**2 - 1756*l + 44164. What is i(25)?
-361
Let f(m) = -40*m - 660. What is f(-25)?
340
Let i(h) = 4217*h + 25553. Determine i(-6).
251
Let n(p) = 2*p**3 - 25*p**2 - 129*p + 1421. Give n(7).
-21
Let r(i) = 2*i**3 - 44*i**2 - 10*i - 836. Give r(23).
-8
Let i(o) = -o**3 - 155*o**2 + 10222*o - 5719. Determine i(-205).
21
Let m(p) = 912*p**2 - 25*p - 2. Calculate m(1).
885
Let g(m) = 93*m**2 + 176260*m - 128921. Calculate g(-1896).
7
Let t(h) = -h**2 + 2530*h - 531153. Calculate t(231).
-84
Let x(v) = 8*v**2 + 88*v - 31. What is x(-16)?
609
Let j(u) = -18888*u + 9236232. What is j(489)?
0
Let k(t) = -284804*t + 2563236. What is k(9)?
0
Let g(t) = 4725*t + 14146. What is g(-3)?
-29
Let m(p) = -22*p**3 - 307*p**2 + 18*p + 91. Calculate m(-14).
35
Let p(y) = y**3 + 24*y**2 + 75*y + 1165. Determine p(-23).
-31
Let f(j) = -2*j**3 - 99*j**2 - 68*j - 17087. Calculate f(-52).
-31
Let l(o) = 180*o**2 + 1112*o + 227. Calculate l(-6).
35
Let s(r) = -r**3 + 6*r**2 + 49*r + 49. Calculate s(9).
247
Let u(f) = 28*f**3 - 8898*f**2 - 2049*f + 44839. Calculate u(318).
1
Let r(j) = -17*j**2 - 753*j - 2446. Give r(-37).
2142
Let p(t) = -19*t**3 + 13*t**2 + 17*t - 17. What is p(3)?
-362
Let n(k) = -74150*k + 519047. Calculate n(7).
-3
Let n(j) = j**3 - 269*j**2 + 1337*j - 3979. Determine n(264).
509
Let b(q) = 845*q - 3295. Calculate b(6).
1775
Let n(o) = 254*o + 57447. Calculate n(-196).
7663
Let l(m) = -272840*m - 3001237. Calculate l(-11).
3
Let v(h) = 145*h + 7776. Give v(-56).
-344
Let r(o) = 2*o**2 + 187*o + 3909. Give r(-63).
66
Let b(o) = 9360*o + 439765. Give b(-47).
-155
Let c(q) = 28*q**2 - 11125*q - 79235. Give c(-7).
12
Let s(f) = -917*f + 113622. Give s(124).
-86
Let l(c) = -c**3 - 95*c**2 - 141*c + 6275. Calculate l(-93).
2090
Let n(q) = q**3 - 99*q**2 - 14849*q + 1263. Determine n(181).
-4
Let u(y) = -2*y**2 - 788*y + 59601. Determine u(-459).
-69
Let x(g) = -633*g + 4013. Determine x(7).
-418
Let k(g) = 10147*g + 34749. Determine k(-3).
4308
Let c(b) = -b**3 - 5*b**2 + 507*b + 2926. Determine c(-22).
0
Let m(r) = 378*r**2 + 137*r - 286. Calculate m(2).
1500
Let v(p) = 19481*p + 155877. Calculate v(-8).
29
Let v(w) = -w**3 + 21*w**2 + 55*w - 1691. What is v(21)?
-536
Let s(f) = -f**3 - 246*f**2 + 5319*f + 27. Give s(20).
7
Let j(o) = o**3 + 5560*o**2 + 297330*o + 337. Give j(-54).
13
Let x(t) = -t**3 - 3*t**2 + 2286*t + 15820. What is x(-7)?
14
Let f(k) = -1478*k - 1192. Calculate f(-1).
286
Let h(v) = -4*v**2 - 37*v + 1244. Calculate h(21).
-1297
Let g(x) = -18*x + 4574. Determine g(255).
-16
Let o(x) = x**3 - 193*x**2 - 919*x - 13935. Give o(198).
123
Let k(l) = -2334*l - 1206736. Determine k(-517).
-58
Let d(i) = 396*i + 2792. What is d(-5)?
812
Let u(s) = 2*s**2 - 102412*s + 1433391. Give u(14).
15
Let f(m) = 16729*m + 16713. What is f(-1)?
-16
Let b(g) = 2*g**2 + 127*g - 2874. Calculate b(-92).
2370
Let y(v) = -1747*v + 302182. Give y(173).
-49
Let q(t) = 2014*t - 42042. Give q(21).
252
Let k(q) = -q**2 - 6766*q - 1217550. Give k(-185).
-65
Let o(c) = -8*c**3 + 7*c**2 + 14*c - 19. Calculate o(-2).
45
Let k(j) = j**3 + 23*j**2 + 181*j + 521. What is k(-11)?
-18
Let t(m) = -m**3 - 656*m**2 - 68*m - 44604. Determine t(-656).
4
Let y(k) = 464*k - 51501. Determine y(111).
3
Let r(s) = -s**2 - 245*s - 14731. Determine r(-106).
3
Let b(v) = 3*v**3 - 296*v**2 - 409*v + 761. What is b(100)?
-139
Let p(d) = 6*d**2 - 1930*d + 117924. Determine p(82).
8
Let a(h) = 234*h**2 + 20*h - 30. Give a(1).
224
Let y(u) = -u**3 + 12*u**2 + 264004*u - 2904181. Determine y(11).
-16
Let y(k) = 29003*k + 173946. Calculate y(-6).
-72
Let x(d) = 21777*d + 43559. Give x(-2).
5
Let g(y) = -y**3 - 74*y**2 + 874*y - 1065. Determine g(9).
78
Let n(s) = 85516*s + 1966793. Give n(-23).
-75
Let x(v) = 9*v**2 + 591*v - 1340. Calculate x(-68).
88
Let j(y) = y**3 - 235*y**2 + 4119*y - 3238. Determine j(216).
2
Let t(c) = -2*c**3 - 69*c**2 - 11*c - 1502. Determine t(-35).
108
Let j(y) = -y**3 + 16*y**2 + 41*y - 392. What is j(15)?
448
Let d(q) = -91*q**3 - 16*q**2 - 26*q + 6. What is d(-2)?
722
Let a(k) = -672*k + 16814. Calculate a(25).
14
Let x(s) = 296*s + 7254. Calculate x(-23).
446
Let r(g) = -63*g**2 + 13*g - 109. Give r(-5).
-1749
Let z(l) = l**3 + 91*l**2 + 243*l + 13787. Determine z(-90).
17
Let l(g) = -g**3 - 46*g**2 - 41*g - 6439. What is l(-48)?
137
Let f(x) = -702*x - 6603. Determine f(-9).
-285
Let l(s) = 3*s**2 + 683*s - 4781. Give l(7).
147
Let g(w) = 5*w**3 + 44*w**2 + 37*w + 193. What is g(-13)?
-3837
Let o(x) = -x**3 - 67*x**2 - 107*x + 476. What is o(-65)?
-1019
Let z(f) = -f**3 + f**2 + 3790*f + 18980. Calculate z(-5).
180
Let g(n) = -3625*n + 97929. Calculate g(27).
54
Let y(g) = 38*g**3 + 234*g**2 + 5*g + 6. Determine y(-6).
192
Let j(z) = -2237*z - 53879. Determine j(-24).
-191
Let f(i) = i**2 - 4751*i - 1714564. Calculate f(-337).
92
Let j(u) = -18*u**2 - 740*u + 3204. Determine j(-45).
54
Let j(p) = -9352*p - 3404122. Give j(-364).
6
Let z(l) = 270*l + 5772. Determine z(-15).
1722
Let s(j) = -6*j**2 + 9*j + 397. Determine s(18).
-1385
Let f(m) = -m**3 - 318*m**2 - 8903*m - 1719. Calculate f(-287).
3
Let f(g) = -10*g**2 + 5750*g + 437188. Determine f(-68).
-52
Let l(q) = -3*q**3 - 18*q**2 - 27*q + 431. Calculate l(-5).
491
Let w(q) = -7832*q - 1300035. Calculate w(-166).
77
Let w(c) = 6*c**3 - 283*c - 2311. Determine w(-8).
-3119
Let x(s) = -2*s**2 + 588*s + 71007. What is x(386)?
-17
Let n(b) = 54*b - 3207. Calculate n(46).
-723
Let y(f) = -2420*f + 141083. Give y(58).
723
Let a(k) = 1723591*k - 5170771. Determine a(3).
2
Let d(n) = -24*n**2 - 3454*n - 13480. Calculate d(-4).
-48
Let w(d) = 52*d**3 - 13*d**2 + 37*d - 11. What is w(2)?
427
Let u(i) = 11*i**3 + 114*i**2 - 560*i - 5557. Calculate u(-10).
443
Let r(h) = -h**3 + 47*h**2 + 3573*h + 3071. Calculate r(88).
-9
Let r(w) = -4142*w - 12423. Calculate r(-3).
3
Let d(r) = -r**3 + 29*r**2 + 18*r + 501. Determine d(29).
1023
Let i(r) = r**2 - 1199*r - 87471. What is i(1268)?
21
Let q(t) = -24*t**2 - 193*t + 149. What is q(-8)?
157
Let j(p) = -819*p - 54011. What is j(-65)?
-776
Let u(d) = 3*d**2 - 7088*d - 1679360. Calculate u(-217).
3
Let z(t) = 57*t**3 - 3759*t**2 - 315*t + 7717. Determine z(66).
-5
Let k(q) = -68378*q - 341899. Give k(-5).
-9
Let q(y) = -7*y**2 - 83*y - 99. What is q(-21)?
-1443
Let c(a) = -388*a**2 + 207*a + 2. Determine c(-3).
-411